 5*p - 4*o - 1. Let h(m) = 7*m**3 + 4*m**2 + 3*m - 5. Let t(j) = 2*j**3 + j - 1. Let l(w) = -h(w) + 3*t(w). Determine l(p).
2
Let i(k) = -k**2 - 4*k - 5. Let w = -8 - -14. Let p be (-4)/(-18)*15*-3. Let t = w + p. Give i(t).
-5
Let o(f) be the second derivative of -f**5/20 + f**4/3 + 5*f**3/6 + 7*f**2/2 + 2*f. Let h be ((-532)/(-42) - 12) + (-13)/(-3). Give o(h).
7
Suppose 3*c - 2 = 4. Let w(u) = -u + 2. Let v be w(c). Suppose v*g + 3 = -3*g. Let f(h) = 13*h**3 + 1. What is f(g)?
-12
Suppose 0 = -2*l + 4*l - 2. Suppose -2 = -n + l. Let t(h) = -n + 2 + 0*h**2 - 2*h**2. Calculate t(1).
-3
Suppose 12*x - 25 = -13*x. Let m(b) = -6*b**3 + 2*b**2 - 1. Calculate m(x).
-5
Let h(t) be the third derivative of -23*t**5/60 - t**4/24 + t**3/6 - 255*t**2. Calculate h(1).
-23
Let u(g) = 10 + g**3 - 584*g + 3*g**2 + 586*g - 8 + 0. Let y(f) = 2 + 5*f - 3*f - 1. Let b be y(-2). What is u(b)?
-4
Let z(t) be the first derivative of t**4/4 - t**3 - t**2 - 8*t - 202. Calculate z(4).
0
Let p(y) = -y**2 - 11. Let j(u) = u**2 + 5*u + 4. Let d be j(-1). Give p(d).
-11
Let s(k) = k**2. Let q(g) = -2*g**2 + 8*g + 7. Suppose 25 = 28*f - 3*f. Suppose 4 + 2 = 2*u. Let p(j) = f*q(j) + u*s(j). Give p(-6).
-5
Let u(k) = -7*k**2 - 21*k + 1. Let v(y) = -20*y**2 - 61*y + 2. Let m(x) = -17*u(x) + 6*v(x). Give m(-5).
15
Let u(y) = 4*y - 1. Suppose -4*z - 4*l - 56 = 0, 4*z - 2*l + 56 = 6. Let p = z - -10. Calculate u(p).
-13
Let i(d) = -d - 1. Let y = -3 - -1. Let m(t) be the third derivative of -t**4/24 - 3*t**2. Let j(n) = y*i(n) + m(n). Calculate j(3).
5
Let x(o) be the third derivative of -o**6/120 - o**5/60 + o**4/8 - o**3/3 + o**2. Suppose -5*l + 32 = 72. Let v(d) = 5*d + 42. Let m be v(l). Calculate x(m).
-8
Let y(s) = s**2 + 4*s - 3. Let q be y(-5). Let j(t) be the third derivative of t**4/24 + t**3/3 - 6*t**2 + 4. What is j(q)?
4
Let c(h) = -h**2 + h - 46. Let i = 106 + -106. What is c(i)?
-46
Suppose 0 = -6*r + 3*r + 6. Suppose y - 5*z + 25 = 0, 0 = 3*y + r*z - 10 - 0. Let o(b) = y*b - 2*b + 5*b + 5 - b. Give o(-4).
-3
Let r(v) = -2*v - 24. Let t be r(-13). Let n(a) = t*a - 1 - a + 1 - 18*a**2. What is n(-1)?
-19
Let m(x) = x**3 - 11*x**2 + 2*x - 4. Let z(c) = -6*c + 125. Let i be z(19). Determine m(i).
18
Let l(s) = -s**2 - 5*s - 3. Let f(c) = -4*c**2 - 24*c - 13. Let n(k) = 2*f(k) - 9*l(k). Calculate n(3).
1
Let m(x) = 0 + 4*x - 4 - x**2 + 3. Suppose 4*t - 2*s = 3*s - 348, 2*s = t + 87. Let h = 90 + t. Give m(h).
2
Let i(x) = -7*x - 1 + 0 - 2*x - 3*x. Let f(h) = 38*h + 4. Let k(u) = -5*f(u) - 16*i(u). What is k(5)?
6
Let q(t) = -3*t**3 - 1. Suppose 12*k - 3 = 11*k. Suppose 5*a = -k*a + 8. What is q(a)?
-4
Let f(y) = y**2 - 3*y - 3. Suppose -22 - 38 = 30*c. Determine f(c).
7
Let r(c) = 5*c**2 + c + 1. Suppose 5*j - 20 = 0, -4*k + 25 = 5*j - 3. Suppose 5*h + 0 = v - 3, 9 = 3*v + k*h. Suppose 4*a = a - v. Determine r(a).
5
Let k(p) be the first derivative of p**4/4 - 2*p**3 - p**2/2 - 2*p + 7. Let v = -14 + 7. Let r(i) = -2*i - 8. Let y be r(v). Give k(y).
-8
Let r be (-1140)/50 + (-1)/5. Let t = r + 21. Let p(o) = -o**3 - 4*o**2 - o. Determine p(t).
-6
Let q(i) be the first derivative of i**4/4 - 5*i**3/3 - 5*i**2 + 9*i - 23. Determine q(6).
-15
Let o(f) = f - 14. Let m be o(16). Suppose 0 = -5*h - c - 42, 5*c = h + m + 22. Let x(p) = p**2 + 9*p - 4. Give x(h).
-4
Let h(w) = w**3 + 5*w**2 - 3*w + 7. Let y(d) = -2*d**2 - 26*d + 23. Let f be y(-14). Determine h(f).
22
Let q be (-210)/(-63) + (-2)/6. Suppose r - 24 = -q*b, 0*r = -4*b + r + 25. Let m(g) = -4*g - 4 - g + b*g. Determine m(3).
2
Let y(l) = -3*l + 24. Let o be y(5). Let n(t) = -t**3 + 8*t**2 + 7*t + 12. Calculate n(o).
-6
Let p = -14 - -21. Let j = -4 + p. Let x(n) = -1 + 45*n**3 + 4*n - 3*n**2 - 46*n**j + n**2. Determine x(-3).
-4
Suppose 9*n - 12 = -22*n + 43*n. Let w(p) be the third derivative of p**5/30 - 2*p**2. Calculate w(n).
2
Let n(a) = -a**2 + 7*a - 9. Let t = -175 + 181. Calculate n(t).
-3
Let s(y) = 2*y**2 + 34*y + 147. Let k be s(-9). Let d(m) = -1 - 1 + 1. Let t(z) = -z - 2. Let c(f) = 3*d(f) - 2*t(f). What is c(k)?
7
Let f(l) be the second derivative of l**3/6 - l**2 - 4*l. Let q(v) = -v**2 + 1. Let r be q(0). Suppose s - 3*j = -6, -5*s + 3*j = r + 17. Calculate f(s).
-5
Let y(v) = -4*v - 7. Let p(z) = -z**2 + 10*z - 12. Let l be p(9). Give y(l).
5
Let j(q) be the first derivative of q**3/3 - 2*q**2 + 1. Let s be ((-90)/(-72))/((-10)/(-8) - 1). Calculate j(s).
5
Let w(m) = -m - 5 + 3 - 3 + 3. Suppose 9*p - 1 = 8*p. Let u(o) = -3*o**3 - 2*o**2 + o. Let c be u(p). What is w(c)?
2
Suppose 24*y = 34*y - 60. Let q(u) = -u**3 + 6*u**2 + 2*u - 6. Determine q(y).
6
Let w(t) = -3*t - 1. Suppose 0 = -u - 2*i + 7, -13 = 5*u + 5*i - 33. Let g(m) = -m. Let j(l) = u*w(l) - 4*g(l). Give j(3).
2
Let d be 25 + -8 + (1 + 0)*-3. Let n(l) = -l + 5. Give n(d).
-9
Let i(u) = 3 + 1 - u + 0 - 6. Give i(-6).
4
Let y(v) = -2*v - 2. Let d be (16/64)/((-2)/8). Calculate y(d).
0
Let o(n) = -2*n + 0 - 2 + 0. Suppose 0 = 84*p - 83*p + 2. What is o(p)?
2
Let x(i) be the third derivative of i**8/10080 - i**7/1260 + i**6/240 + 31*i**5/60 + 26*i**2. Let d(v) be the third derivative of x(v). What is d(3)?
9
Let j(s) = -s**2. Let x(i) = 4*i**2 + i - 14. Let l(q) = 3*j(q) + x(q). Determine l(0).
-14
Let j(z) be the second derivative of -z**5/20 - 2*z**3/3 + 9*z. Let a(k) be the second derivative of j(k). Determine a(-1).
6
Let k(d) = 188*d - 96*d - 95*d - 3. Determine k(-6).
15
Let u(b) be the second derivative of 7*b**3/6 - b**2/2 + b. Let j(t) = -t**2 - 13*t + 6. Let d be j(-13). Suppose 2*k + k - d = -z, 2*k = -z + 5. Give u(k).
6
Suppose 3*j = h, -h = -3*j - 2*j - 2. Let d(u) = u**3 + u**2 - 6*u + 4. Determine d(h).
4
Let k(u) = u**3 - 4*u**2 - 5*u - 2. Let y(n) = -n**2 - 12*n - 6. Let s(b) = -2*b**2 - 11*b - 8. Let a be s(-7). Let r = a - -18. Let d be y(r). Give k(d).
-2
Suppose 4*s + 8 = -110*y + 108*y, 0 = -5*s + 5. Let v(p) = -p**2 - 8*p + 2 - 7 - 4. Calculate v(y).
3
Let k = -27 - -20. Let u(y) = -y**2 - 7*y + 6. Calculate u(k).
6
Let t(a) = -5*a**3 + 7*a**2 - a + 3*a + 11 - 15*a**2 + 5*a. Let o(c) = -4*c**3 - 7*c**2 + 7*c + 10. Let m(k) = -4*o(k) + 3*t(k). What is m(-5)?
3
Let k(b) = 5 + b**2 + 2*b + 6*b - 9 - 3. Let y be k(-9). Suppose 0 = -y*x + x - t - 1, 0 = 5*x - 2*t + 12. Let s(m) = -5*m. What is s(x)?
10
Let g(y) = -y + 4. Let l be g(-11). Suppose -7*d = -2*d - l. Suppose -d*t - 3 = -6*t. Let w(n) = n**2 - 2*n + 1. Calculate w(t).
0
Let c be 57/(-11) - (-8)/44. Let p be ((-10)/4)/c*12. Let x(n) = -2*n + 2. Give x(p).
-10
Let h(i) = -5*i + 35. Let k(j) = j - 7. Let m(b) = 2*h(b) + 11*k(b). Let g be 9/((-63)/2) + (-60)/(-14). Suppose -g*w = -p - 7, 4*p - 23 = 4*w - 5*w. Give m(p).
-2
Let v(l) = -47*l**3 - 5*l**2 + l - 26. Let s(u) = -17*u**3 - 2*u**2 - 9. Let q(p) = -11*s(p) + 4*v(p). Give q(4).
-21
Let z(c) = -c**3 - 4*c**2 - 2*c + 3. Suppose -i - 2*i = 72. Let r = 36 + i. Suppose l + r = -3*l. Determine z(l).
0
Let i(y) = -2*y + 9. Let m be i(0). Suppose -5*j - 3*c + m = -22, 4*j - 5*c - 10 = 0. Let n(u) = 8*u + 1 + u - j*u. Calculate n(-1).
-3
Let g be (-2)/((-16)/12)*146. Let k(j) = -8 + 5 + g*j + 17 - 220*j. Calculate k(0).
14
Let q = 17 + -21. Let o be (-5)/100*q + (-68)/(-10). Let y(s) = -s**2 + 9*s + 5. Give y(o).
19
Suppose -2*c - 3 + 12 = -v, 19 = 4*v + 3*c. Let o(l) = l**3 + 7*l**2 + 8*l. Let u be o(-5). Let r(y) = 24*y - 7 - u*y + 6. What is r(v)?
13
Let j(i) = i - 12. Let g be (-118)/(-531) + 302/18. Give j(g).
5
Let m(g) be the third derivative of -g**9/10080 - g**8/10080 + g**7/5040 - 2*g**5/15 + g**2. Let l(j) be the third derivative of m(j). Give l(1).
-7
Suppose 2*i + 20 + 18 = 3*d, 2*i = -2*d + 12. Suppose 25*s + d = 27*s. Let u(k) = k - 6. What is u(s)?
-1
Let l(f) = -3*f**2 + 7*f - 7. Let d(o) = 4*o**2 - 11*o + 10. Let u(x) = -5*d(x) - 7*l(x). Let r be 3*(-2)/(-3) - 9. What is u(r)?
6
Let r(h) be the first derivative of h**4/4 - 4*h**3/3 + h**2 - 3*h + 2. Suppose 2*g = 6*g + 104. Let l = 30 + g. Determine r(l).
5
Let t(u) = 0 - 30*u + 13*u + 5 + u**3 + 16*u**2 - 10. Determine t(-17).
-5
Suppose 0 = 5*k - 25, -3*c + 6*c + 2*k + 116 = 0. Let u be (c/9)/((-7)/((-21)/(-2))). Let m(t) = t**2 - t + 0*t - 6 - 5*t. What is m(u)?
1
Let m = 3 + 4. Let b(t) = -3*t - 14. Let z(s) = 7*s + 29. Let n(a) = -9*b